e 0 + -1 + 15/3. Let w be (-150)/c*(-4)/3. Suppose -i + 0*h + w = 5*h, 3*h + 60 = 3*i. What are the prime factors of i?
5
Suppose -r = r + 2*r. What are the prime factors of 1 + -2 - (r - 181 - 0)?
2, 3, 5
Suppose -5*a + 47 = -4*w, -3*a = -2*a - 5*w - 22. Suppose a*m - 120 = 3*m. What are the prime factors of m?
2, 3, 5
Let n(s) = 0*s - 2 - 1 + 4*s + 1. Suppose 4*y + 3*q + 6 - 22 = 0, 0 = -2*y - 2*q + 6. List the prime factors of n(y).
2, 13
Let o(u) = -23*u + 97. List the prime factors of o(0).
97
Let i(v) = 11*v**2 - 18*v - 88. List the prime factors of i(16).
2, 5, 61
Let m(s) = 2 - 7*s + s - 8 + 2*s. Let d be m(6). Let p = d - -48. What are the prime factors of p?
2, 3
Let i(m) be the first derivative of m**2/2 - 25*m - 8. Let v be i(17). List the prime factors of (8/v)/((-2)/46).
23
Suppose 31 + 21 = -c. Let v be 6/30 + ((-449)/(-5) - -2). Let d = v + c. List the prime factors of d.
2, 5
Suppose d - 3*z - 1226 = -312, -912 = -d + 5*z. What are the prime factors of d?
7, 131
Suppose -2056 = 4*k + 2*n, 3*k + 1542 = 3*n - 6*n. What are the prime factors of (k/(-4))/(3/18*3)?
257
Let r be (-6016)/48*3/(-2). Suppose -2*b + 5*c + 111 = -6, 0 = -3*b - 5*c + r. List the prime factors of b.
61
Let q = -53 - -529. What are the prime factors of q?
2, 7, 17
Let s be (-1)/(-3) - 16/(-24). Suppose 2*v - 7 = s. Suppose -v*d + 4*z = -104, -5*d + 57 = -2*z - 85. List the prime factors of d.
2, 3, 5
Let y(d) = -2*d**2 + 69*d - 35. List the prime factors of y(16).
557
Let o = 58 - 60. List the prime factors of (-6)/(-4)*((-304)/(-6) + o).
73
Suppose 0 = 10*l - 12399 + 2289. List the prime factors of l.
3, 337
Let b(j) = j + 14. Suppose 54 = 5*n - 31. List the prime factors of b(n).
31
Suppose 116 = 2*m + 2*m. Suppose -b + 49 = -m. What are the prime factors of b?
2, 3, 13
Let b = -1692 - -3557. List the prime factors of b.
5, 373
Let r(s) = s**3 + 15*s**2 + 3*s - 1. Let c be r(-15). Let v = 97 + c. What are the prime factors of v?
3, 17
Suppose 0 = -3*o - 4*i + 6748, 8059 = 4*o - 5*i - 959. What are the prime factors of o?
2, 563
Suppose 3*k + 5*d = 8*d + 1944, -4*k + 2557 = 3*d. List the prime factors of k.
643
Let d(m) be the third derivative of -m**5/60 + 5*m**4/8 - 2*m**3 - 2*m**2. Let a be ((-1)/6 - (-2)/4)*39. List the prime factors of d(a).
2, 7
Let i(j) = -j**3 + 3*j**2 - 2*j - 1. Let n be i(3). Let a = -9 - n. List the prime factors of (a - (-12)/(-1))*-1.
2, 7
Suppose -7*m + 2 + 26 = 0. Let z(l) = 4*l**2 + l. Let h be z(1). Suppose h*c + 5*f = 100, -m*c + 78 = 4*f - 2*f. What are the prime factors of c?
19
List the prime factors of 1396425/387 - 2/6.
2, 11, 41
Let s(a) = a**2 - 17*a - 2. Let n be s(-11). Suppose 2*v - 4*v - 2*b + n = 0, -484 = -3*v + 2*b. List the prime factors of v.
2, 79
Suppose -3*l = l + 32. Let b(y) = -y**3 - 9*y**2 - 9*y + 10. Let z be b(l). What are the prime factors of 3*-32*(-3)/z?
2
Suppose 3*c + 12 = 0, -5*d + 5*c = -d - 100. Suppose -n - d = -27. Let g(x) = x**3 - 6*x**2 - 6*x - 1. List the prime factors of g(n).
2, 3
Let t(q) = 870*q + 1. What are the prime factors of t(4)?
59
Suppose 4*l - t = 8*l - 441, 4*t = 4. Suppose 0*p - l = -p. What are the prime factors of p?
2, 5, 11
What are the prime factors of 303 - -1 - (-15 - -16)?
3, 101
Suppose 351 = 30*z - 3*z. List the prime factors of z.
13
Let i(a) = a**3 + 15*a**2 + 7*a - 62. What are the prime factors of i(-9)?
19
Let x = -1220 - -802. Let k = -123 - x. List the prime factors of k.
5, 59
Suppose 3*s - 5*k - 2440 = 0, 11*s - 2*k = 13*s - 1648. What are the prime factors of s?
2, 5, 41
Let o be (-54)/(-8) + (-24)/(-96). Let k = 2 + 0. Suppose 3*s = o*l - 2*l - 204, 4*l - 162 = k*s. What are the prime factors of l?
3, 13
Suppose -20*w + 16*w + 2132 = 4*i, -3*i = -w - 1579. List the prime factors of i.
2, 3, 11
What are the prime factors of (-10)/14 + 4/(-14) + 4385?
2, 137
Suppose -4*t + 3538 + 814 = 0. List the prime factors of t.
2, 17
Let n = -2 - -9. Suppose -2*f = -n*f + 215. What are the prime factors of f?
43
Let k = 7011 - 4768. List the prime factors of k.
2243
Suppose -4 = -4*g - 44. Let r(q) = 2*q - 195 - 6*q + 180. What are the prime factors of r(g)?
5
Suppose -2*r - 3*r = 30. Let c = -335 - -318. Let z = r - c. What are the prime factors of z?
11
Let m be 6*(-4)/(-30)*5. Suppose -x - m*f - 25 = -7*f, -3*f - 9 = 0. Let y = x - -72. List the prime factors of y.
2, 19
Let g = 44 - -44. Let t = -53 + g. List the prime factors of t.
5, 7
Let s(j) = -15*j - 10. Suppose 0 = -2*x - z - 9, -5*x - z - 4*z = 25. What are the prime factors of s(x)?
2, 5
Suppose -3233 - 785 = -7*i. What are the prime factors of i?
2, 7, 41
Suppose 5*j - 3*r + 2*r - 11571 = 0, -4*r = -4*j + 9244. List the prime factors of j.
5, 463
Let b = 1503 - 852. What are the prime factors of b?
3, 7, 31
Let o(j) = -4 + 5*j - 4 - 1. Let f(m) = -m + 2. Let q be f(-5). List the prime factors of o(q).
2, 13
Let a(o) be the first derivative of 40*o - 7 + 2/3*o**3 - 1/2*o**2. What are the prime factors of a(0)?
2, 5
Suppose -2*x = -0*x - 2*d + 14, 4*x - 8 = -5*d. What are the prime factors of x/(-2) + 33/6?
7
Suppose 2*d + 4*r - 337 = 391, -3*d + r = -1127. Suppose -3*x + d = 2*y, -5*x - y = -4*y - 617. What are the prime factors of x?
2, 31
Suppose -25 = 7*u - 12*u. Let x be (-10)/((-4)/38 - 0). Suppose u*n = -5*f + 120, -2*f = -4*n + x + 7. What are the prime factors of n?
5
Suppose 4*a - 5*f = 148 - 32, -4*a + 100 = -f. Let n = a + -21. Suppose -n*c + 4 + 146 = 0. List the prime factors of c.
2, 5
Let v(z) = 3*z**2 + 7*z - 4. Let k be -8 - (-8)/(0 + 4). Let q be v(k). Suppose -q = -g - 21. List the prime factors of g.
41
Let x(o) = 4*o**2 + 2*o - 29. What are the prime factors of x(21)?
1777
Let i be (12/(-8))/(4/(-976)). Let j = i - 252. List the prime factors of j.
2, 3, 19
Suppose 16*w - 36 = 13*w. Suppose -w*z + 450 = -7*z. What are the prime factors of z?
2, 3, 5
Suppose 207 + 119 = l + i, -4*i + 652 = 2*l. Suppose -l = -4*g + 4*q + 278, 443 = 3*g - 5*q. List the prime factors of g.
2, 3, 13
Let f(b) be the third derivative of 35*b**4/24 - b**3/2 + 6*b**2. Let w be f(2). Suppose w = q + 2*n, q - n - 268 = -3*q. What are the prime factors of q?
67
Let m(k) = -k**3 + 17*k**2 + 19*k - 2. Let z be m(18). Let p = 7 - 7. Suppose u + p - z = 0. List the prime factors of u.
2
Let s be (-3 - -3)/2 + 3. Suppose 3*d + 2*f + 46 = 7*d, -35 = -s*d + 2*f. List the prime factors of d.
11
Suppose 128 + 52 = 5*h. Let q = h - 21. Suppose -16*f = -q*f - 23. List the prime factors of f.
23
Let s = -9 - -12. Suppose -5*p + 42 = 4*l, -s*p - 7 = -l - 39. Suppose 0 = -5*a + b + 5, 5*a + p*b - 35 = 5*b. What are the prime factors of a?
2
Let o be -4 - (257 + 0/1). What are the prime factors of 18/(-12) + o/(-6)?
2, 3, 7
Let y = 44 + -27. Let o = y + -14. Suppose 175 = o*k + 2*k. List the prime factors of k.
5, 7
Let n be 3/6 + 11/(-2). Let c = n + 5. Let k(o) = 2*o + 16. List the prime factors of k(c).
2
Let u = 52 - 119. Let o = u - -139. List the prime factors of o.
2, 3
Let l(p) = 1. Let m(a) = -a**2 - 6*a. Let c(i) = -6*l(i) + m(i). Let v be c(-6). List the prime factors of 9/v*116/(-6).
29
Suppose -2*v - 97 = -2531. What are the prime factors of v?
1217
List the prime factors of (2 - -1 - 1794)*(-8)/12.
2, 3, 199
Let a = 34 - 30. List the prime factors of 27/a + (-12)/16.
2, 3
Suppose -5*u + 40 = 5*b, -2*b + 6*b = -3*u + 26. List the prime factors of u.
2, 3
Let u be ((-2)/(-5))/(2 + (-594)/300). Suppose -u*s + 1815 = -5*s. What are the prime factors of s?
11
Let x(n) = -6*n - 8. Suppose 8*d + 25 = 3*d. List the prime factors of x(d).
2, 11
Let s(r) = -r**3 - 5*r**2 - 2*r - 7. Let f be s(-5). Let i(u) be the first derivative of 2*u**3/3 + u**2 + 4*u - 1. List the prime factors of i(f).
2, 7
Let d = -8 - -4. Let s(m) = m**3 - m**2 + 2*m. Let c(a) = 2*a**2 + 2*a + 10. Let y(o) = -c(o) - s(o). List the prime factors of y(d).
2, 3
List the prime factors of (-135567)/(-189) - 4/14.
3, 239
Suppose -3439 = 38*o - 57*o. List the prime factors of o.
181
Let u(x) = 10*x + 1. Let i(j) = -j - 1. Let k(f) = 2*i(f) + u(f). Let y be k(1). Let c = 1 + y. List the prime factors of c.
2
Let r = 340 - 199. List the prime factors of r.
3, 47
Let u(o) = -258*o + 197. List the prime factors of u(-6).
5, 349
Suppose 47*j + p = 46